76417019?
271, 463, 2203
What are the prime factors of 1413693720?
2, 3, 5, 173, 22699
List the prime factors of 36181843.
2647, 13669
List the prime factors of 176635577.
1777, 99401
List the prime factors of 474390269.
474390269
What are the prime factors of 58205036?
2, 293, 49663
What are the prime factors of 6001069180?
2, 5, 29, 151, 68521
What are the prime factors of 106695840?
2, 3, 5, 199, 1117
What are the prime factors of 222810367?
13, 17139259
List the prime factors of 202473115.
5, 13, 3114971
List the prime factors of 248292454.
2, 31, 4004717
What are the prime factors of 54282703?
643, 84421
What are the prime factors of 286979067?
3, 37, 861799
List the prime factors of 236008925.
5, 863, 10939
What are the prime factors of 1218908466?
2, 3, 17, 61, 21767
List the prime factors of 2724924666.
2, 3, 454154111
List the prime factors of 2226379537.
2226379537
List the prime factors of 402917459.
7, 17, 79, 42859
What are the prime factors of 149141451?
3, 719, 69143
What are the prime factors of 981983489?
1259, 779971
What are the prime factors of 19899657?
3, 139, 15907
List the prime factors of 4076657151.
3, 7, 37, 5246663
List the prime factors of 38572970.
2, 5, 3857297
What are the prime factors of 1200881132?
2, 11, 27292753
What are the prime factors of 57826980?
2, 3, 5, 173, 619
List the prime factors of 96406598.
2, 1409, 34211
What are the prime factors of 2814246016?
2, 113, 194569
What are the prime factors of 796255098?
2, 3, 313, 423991
What are the prime factors of 1595329336?
2, 1697, 117511
List the prime factors of 2395555803.
3, 29574763
What are the prime factors of 279721077?
3, 17, 322631
What are the prime factors of 490974372?
2, 3, 7, 71, 3049
List the prime factors of 720785993.
720785993
What are the prime factors of 51229057?
11, 4657187
List the prime factors of 201768366.
2, 3, 3607, 9323
What are the prime factors of 57225935?
5, 13, 67723
List the prime factors of 66737660.
2, 5, 11, 61, 4973
List the prime factors of 82658174.
2, 59, 79, 8867
What are the prime factors of 223257655?
5, 673, 66347
List the prime factors of 2663649118.
2, 13, 102448043
What are the prime factors of 3205001478?
2, 3, 7, 53, 1439803
List the prime factors of 206786638.
2, 103393319
List the prime factors of 33936193.
151, 224743
What are the prime factors of 254831801?
7, 79, 65831
List the prime factors of 92181035.
5, 43, 107, 4007
What are the prime factors of 8111339?
8111339
List the prime factors of 4820498839.
13, 641, 578483
What are the prime factors of 5809690227?
3, 11, 176051219
List the prime factors of 573613821.
3, 11, 41, 141319
What are the prime factors of 9498190733?
39929, 237877
What are the prime factors of 55335631?
13, 23, 185069
List the prime factors of 215580384.
2, 3, 19, 39397
What are the prime factors of 112682777?
29, 1699, 2287
What are the prime factors of 240614977?
139, 1193, 1451
List the prime factors of 535069308.
2, 3, 61, 730969
List the prime factors of 3259315.
5, 651863
List the prime factors of 2887651195.
5, 11, 13, 17, 353, 673
What are the prime factors of 2319162883?
1511, 1534853
List the prime factors of 591830221.
19, 31148959
What are the prime factors of 81519432?
2, 3, 47, 72269
What are the prime factors of 936510796?
2, 13, 61, 1747
What are the prime factors of 1633671755?
5, 326734351
List the prime factors of 6715821103.
6715821103
List the prime factors of 320274982.
2, 19, 8428289
What are the prime factors of 157331186?
2, 41, 79, 149, 163
What are the prime factors of 5299597045?
5, 12511, 84719
What are the prime factors of 772769741?
1913, 403957
What are the prime factors of 780810855?
3, 5, 11, 4732187
What are the prime factors of 353170088?
2, 139, 317599
What are the prime factors of 1027654685?
5, 421, 488197
What are the prime factors of 3053949?
3, 433, 2351
List the prime factors of 521200667.
13, 40092359
List the prime factors of 41697826.
2, 20848913
List the prime factors of 71614503.
3, 2652389
What are the prime factors of 161263678?
2, 19, 4243781
What are the prime factors of 11005781?
71, 379, 409
What are the prime factors of 410703352?
2, 1783, 28793
What are the prime factors of 76487288?
2, 37, 258403
What are the prime factors of 262598159?
262598159
List the prime factors of 2113768991.
2113768991
What are the prime factors of 9008934904?
2, 1126116863
List the prime factors of 82848464.
2, 5178029
What are the prime factors of 2184798574?
2, 7, 22293863
What are the prime factors of 753393446?
2, 13, 167, 1039
What are the prime factors of 65985820?
2, 5, 3299291
What are the prime factors of 431992051?
431992051
What are the prime factors of 52900004?
2, 41, 47, 6863
List the prime factors of 35823320.
2, 5, 13, 68891
What are the prime factors of 3611299032?
2, 3, 11, 1519907
List the prime factors of 1735379683.
1735379683
List the prime factors of 17854448.
2, 107, 10429
List the prime factors of 720484125.
3, 5, 443, 4337
List the prime factors of 66907691.
66907691
List the prime factors of 227415253.
13, 1493, 11717
What are the prime factors of 4870070356?
2, 1217517589
What are the prime factors of 2276420615?
5, 7, 17, 1579, 2423
What are the prime factors of 3753230345?
5, 750646069
What are the prime factors of 62918937?
3, 19, 40883
What are the prime factors of 123259077?
3, 29, 17491
List the prime factors of 10257357.
3, 11, 310829
What are the prime factors of 190940881?
11887, 16063
List the prime factors of 491458185.
3, 5, 17, 41, 1741
List the prime factors of 54588251.
53, 1029967
List the prime factors of 1275416092.
2, 17, 653, 28723
What are the prime factors of 1914716715?
3, 5, 17, 7508693
What are the prime factors of 40592580?
2, 3, 5, 7, 13807
List the prime factors of 75259678.
2, 13, 2894603
List the prime factors of 312429516.
2, 3, 7, 23, 79, 89
What are the prime factors of 77035931?
7, 167, 65899
What are the prime factors of 706582280?
2, 5, 127, 139091
List the prime factors of 2486674335.
3, 5, 165778289
What are the prime factors of 142735020?
2, 3, 5, 2378917
List the prime factors of 2975491.
2975491
List the prime factors of 731778222.
2, 3, 7, 17423291
What are the prime factors of 351456370?
2, 5, 211, 166567
List the prime factors of 21467734.
2, 10733867
What are the prime factors of 809769182?
2, 404884591
What are the prime factors of 351386026?
2, 175693013
List the prime factors of 1739506235.
5, 167, 739, 2819
What are the prime factors of 1753499991?
3, 463, 1262419
List the prime factors of 1481832618.
2, 3, 7, 53, 61, 1559
List the prime factors of 109702732.
2, 19, 23, 97, 647
List the prime factors of 2118565371.
3, 13, 54322189
List the prime factors of 224870078.
2, 223, 571, 883
What are the prime factors of 109635266?
2, 13, 4216741
List the prime factors of 1134732439.
17, 23, 277, 10477
What are the prime factors of 1893086993?
7, 61, 4433459
What are the prime factors of 528668544?
2, 3, 31, 89, 499
List the prime factors of 166107605.
5, 41, 810281
List the prime factors of 27934663.
27934663
List the prime factors of 85754502.
2, 3, 1013, 4703
List the prime factors of 2205338263.
29, 76046147
List the prime factors of 180459055.
5, 7, 19, 271367
List the prime factors of 247990618.
2, 123995309
What are the prime factors of 12214384?
2, 7, 13, 8389
List the prime factors of 73013785.
5, 13, 43, 151, 173
List the prime factors of 14938246.
2, 7469123
List the prime factors of 1880544329.
193, 9743753
What are the prime factors of 13246692?
2, 3, 409, 2699
What are the prime factors of 69036906?
2, 3, 1543, 7457
List the prime factors of 65001390.
2, 3, 5, 67, 73, 443
What are the prime factors of 62760727?
29, 499, 4337
What are the prime factors of 266401102?
2, 11, 1100831
List the prime factors of 624721849.
647, 965567
What are the prime factors of 206293770?
2, 3, 5, 764051
What are the prime factors of 24240802?
2, 12120401
List the prime factors of 31013888.
2, 31, 977
List the prime factors of 2745071420.
2, 5, 7, 13, 1508281
List the prime factors of 2150187488.
2, 67193359
What are the prime factors of 11332436?
2, 19, 149111
What are the prime factors of 52827826?
2, 23, 107, 10733
What are the prime factors of 7621510616?
2, 952688827
What ar